 (-48)/(-22) + 8/(-44). Suppose 2*h + 163 = 4*m - 81, -s*m = 3*h - 106. What is the tens digit of m?
5
Let v(t) = t**2 - 3*t + 50. Let h be v(0). Suppose 5*i = 7*i - h. What is the tens digit of i?
2
Let j(u) = 8*u**2 - 4*u + 4. Let r be j(-4). Suppose z = -4*t + 5*z + r, 5*t + 2*z - 185 = 0. What is the units digit of t?
7
What is the units digit of ((-5)/3)/((-117)/136890)?
0
Suppose 9 - 4 = q. Suppose q*a - 4*a - 4 = 0. Suppose 5*m = a*o + 198, 2*o + 56 = m + 20. What is the units digit of m?
2
Let k(d) = 7*d**2 - 16*d + 1. Let x(h) = -8*h**2 + 17*h - 1. Let u(j) = -7*k(j) - 6*x(j). Suppose 4 = 3*v - 23. What is the units digit of u(v)?
8
Let d = -195 + 1858. What is the tens digit of d?
6
Let z be ((-2)/(-6))/(2/516). Suppose 4*t = 2*h + z, -h = 2*t - 16 - 37. What is the units digit of t?
4
Let c be 1 + 3 + 2*(-3)/6. Suppose -170 = -2*l + 5*o, -2*l + 0*o - c*o = -154. What is the units digit of l?
0
Suppose -4*f + 15881 = -z, 4*z - 3*z - 3964 = -f. What is the thousands digit of f?
3
Let n be (-2)/(-9) + (-632)/(-72) + -5. Suppose -3*s + 618 = 2*d, -4*s - n*d + 825 = -d. What is the tens digit of s?
0
Let u(p) = -p - 5. Suppose -17*f + 13*f - 28 = 0. Let a be u(f). Suppose 0 = 2*i + a*i - 4*q - 32, 4 = 3*i + 2*q. What is the units digit of i?
4
Let z be -1 - (4/(-4) + -2). Suppose 4*y - z = 18. Suppose 20 = -y*g + 120. What is the units digit of g?
0
Let t = -24 - -25. Suppose p = 13 + t. What is the units digit of p?
4
What is the hundreds digit of (1471 + 2)*(0 + (-1)/(-3))?
4
Suppose -j - 42 - 22 = 4*l, l - 2*j + 7 = 0. Let o = 21 + l. Suppose 178 = o*k + 28. What is the units digit of k?
5
Let j(o) be the first derivative of o**3/3 + o**2 - 2*o + 3. Let k = -13 + 9. What is the units digit of j(k)?
6
Suppose t + 4*w - 84 - 34 = 0, 0 = -3*t + 5*w + 422. What is the tens digit of t?
3
Let p(u) = 4*u**3 + u**2 - u + 1. Let l be p(1). Let v = l - 13. Let s(a) = 2*a**2 + 13*a + 10. What is the tens digit of s(v)?
3
Let b = -87 + 107. Let j = 259 + b. What is the hundreds digit of j?
2
Let h be 2 - 1 - (-1 + -4). Suppose h = -5*q - 14, -5*q = -r + 60. Let y = -15 + r. What is the tens digit of y?
2
Suppose -24*y + 2601 = -2223. What is the hundreds digit of y?
2
Let l(c) be the first derivative of c**2 - 6*c + 3. Let o be l(9). Suppose o*u - 58 = 10*u. What is the tens digit of u?
2
Let f(r) = 33*r + 19. Let n be f(-4). Let x = 245 + n. What is the hundreds digit of x?
1
Suppose -16*t = 159 - 47. What is the hundreds digit of 198 - (15 + t) - 4/2?
1
Let k = -940 + 1796. What is the tens digit of k/6 + 4 - 4/(-3)?
4
Suppose -5*w + 2*w = 630. Let u = -72 - w. What is the tens digit of u?
3
Let u be 5*3*(-2)/(-6). Suppose u = 3*z - 1. Suppose 32 - 8 = z*j. What is the units digit of j?
2
Let m = 3085 - 1436. What is the units digit of m?
9
Let l(s) = 2*s**2 - 5*s - 11. Let k(w) = -w**2 + 16*w + 25. Let x be k(18). What is the units digit of l(x)?
6
Let s be (23/4 - 2) + (-2)/(-8). What is the units digit of (-29)/(((-8)/40)/(s/10))?
8
Let i = 4 - 0. What is the tens digit of 42/i*(8 + -6)?
2
Let x = -42 + 42. Suppose 7*z - 5*z - 12 = x. What is the units digit of z?
6
Let d = 24 + -21. Suppose d*v = -0*v + 102. What is the units digit of v?
4
Let a = -97 + 172. What is the tens digit of a?
7
Let v(j) be the second derivative of j**5/20 + j**4 + 7*j**3/6 + 5*j**2 - 10*j. What is the tens digit of v(-11)?
5
Let c(a) = -4*a - 9. Let j(h) = -7*h - 18. Let r(x) = 9*c(x) - 4*j(x). What is the units digit of r(-25)?
1
Let p(y) = -y - 1. Let o be p(-7). Suppose -o*k + 100 = -4*k. What is the tens digit of k?
5
Let i(t) = t**3 - 2*t**2 - 7*t - 1. Let p(y) = y**3 - 3*y**2 - 8*y - 1. Let x(r) = -4*i(r) + 3*p(r). Suppose -5*m = -2*m + 9. What is the units digit of x(m)?
7
Let s(a) = -125*a + 48. What is the tens digit of s(-10)?
9
Suppose -5 = -t, -3*q + 2*t = -2 + 3. Suppose q*g - 215 = -50. What is the units digit of g?
5
Let d = 15 - 5. Suppose -d = 2*w, -4*n - 4*w + 495 = w. What is the tens digit of n?
3
Let i(n) = -7*n - 3. Let c be i(-1). Suppose -c*m + 56 = -228. What is the units digit of m?
1
Let v(h) = h + 9. Let k be v(-15). Let y be ((-35)/(-21))/((-2)/k). Suppose -2*w + 4*x = -70, -y*w + 0*x + 187 = 2*x. What is the units digit of w?
7
Let m(y) = 8*y + 2 - 3 - 4. Let r be 1/(18/90 - 0/1). What is the tens digit of m(r)?
3
Let s = 2 + 1. Suppose -s*y = 3*y - 18. Suppose 5*d - 92 = y*d. What is the units digit of d?
6
Suppose 4*x = -0*x - 40. What is the units digit of (45/x)/(1/(-2))?
9
Suppose -d + 8 = 3. Suppose -2*i + 4*l + 118 = 0, -d*l + 121 = 5*i - 129. What is the tens digit of i?
5
Suppose -4*b - 336 = -k + 354, 4*b - 2006 = -3*k. What is the hundreds digit of k?
6
What is the units digit of 16/72 + (4 - (-25484)/18)?
0
Suppose -2*l + 5 + 13 = 0. Suppose -7*t + 19 = -l. What is the units digit of t?
4
Let a be 50/(2 - (-76)/(-40)). Suppose 5*p - 45 = a. What is the tens digit of p?
0
Suppose 9*s - 4*s = 380. What is the tens digit of (-3 - 0) + (s - 1)?
7
Suppose -4*g = -a - 3, -5*g + 1 = -4*a + 11. What is the units digit of g?
2
Suppose 0*i - 3*i + 18 = 0. Suppose -3*u - 1 = -5*y, -10 = 4*y - i*y - 2*u. Suppose -g + y*g = 77. What is the tens digit of g?
7
Let n = -5 + 11. Suppose 0*h - 3*h + n = 0. Let b = 8 - h. What is the units digit of b?
6
What is the units digit of (44/(-20) + 3)/((-12)/(-15150))?
0
Suppose -2*f = f. Suppose f*k = 2*k - 10. Suppose 40 = -4*g + 5*r + 145, 3*g + k*r - 35 = 0. What is the units digit of g?
0
Let b be (10/1)/((-1)/3). Let z = b + 31. What is the units digit of z?
1
Let w(f) be the second derivative of f**4/12 - 11*f**2/2 + 18*f. What is the units digit of w(4)?
5
Suppose 9*t - 14*t + 6208 = -2*f, 3*t = 4*f + 3722. What is the units digit of t?
2
Let x = -4 - -16. Suppose 96 - x = 4*f. What is the units digit of f?
1
Suppose 239 = 2*g - 4*f - f, 3*g - 3*f = 354. What is the units digit of (g - -1)/(-4 + 6)?
9
Let i(y) = 2*y**2 - 2*y + 1. Let x be i(1). Suppose -2*z = -3 - x. What is the units digit of (-11 + 21)/(z/10)?
0
Suppose 14*v - 13*v = 564. What is the units digit of v?
4
Suppose 19*u - 15732 - 7942 = 0. What is the thousands digit of u?
1
Suppose 25*n = 22*n - 6. Let w(i) = -3*i**3 - i**2 + i + 2. What is the units digit of w(n)?
0
Let p be 2 - -1*(-1 - -51). Let n = -22 + p. What is the units digit of n?
0
Let x(h) = h - 3. Let q be x(4). Let w be (-3 - (42 + q))/(-2). Suppose -l - 7*f = -3*f - 35, l - w = -f. What is the units digit of l?
9
Suppose 0 = 28*m - 29*m - 2*p + 284, 5*p = m - 263. What is the tens digit of m?
7
Suppose x - 3*x + 116 = 4*q, 2*q - 2*x - 46 = 0. What is the tens digit of q?
2
Let b be -1 - 2 - (-42)/14. Suppose b = -h - 2*c - c + 106, -2*h + 179 = -5*c. What is the units digit of h?
7
Let i(b) = -b + 126. Let k be i(0). Let s = 210 - k. What is the tens digit of s?
8
Suppose 5*p + 2803 = u, -21402 + 7387 = -5*u + 2*p. What is the tens digit of u?
0
Let l = 106 + -188. Let c = l - -138. What is the units digit of c?
6
Let c be ((-2)/3)/((-4)/(-12)). What is the units digit of 0 + 40/(7 + c)?
8
Let s = 2879 - 1491. What is the units digit of s?
8
Let v(x) = -2*x**3 - 6*x**2 + 20*x + 72. What is the hundreds digit of v(-7)?
3
Let h(k) = -k**3 - 5*k**2 - 2*k - 6. Let r be h(-5). Let a be ((-7)/r)/((-2)/72). Suppose 2*g + z = -2*z + 49, -4*g + a = -z. What is the tens digit of g?
1
Suppose -3*b - 5 = -r - b, 4*b + 20 = 0. Let l be (-4)/(-10) - 303/r. Suppose l - 11 = 5*x. What is the units digit of x?
0
Suppose 0 = 33*a + 2901 - 44613. What is the units digit of a?
4
Suppose 3*j = -2*j - 150. What is the units digit of ((-24)/15)/((-57)/j + -2)?
6
Let y(q) = -5*q**2 + 8*q - 10. Let k(v) = v. Let j(w) = 3*k(w) - y(w). What is the units digit of j(-5)?
0
Let h(x) = 2*x**2 - 10*x - 8. Let p be h(6). Suppose -312 = -p*n + n. Suppose -4*d + 0*d + n = 0. What is the tens digit of d?
2
Let o(l) = 2*l + 18. Let t = -29 - -21. Let y be o(t). What is the units digit of -1*y + -16 + 21?
3
Suppose 4*h + g - 3130 = 0, -2*h + 4*h = 5*g + 1554. What is the tens digit of h?
8
Suppose -11*v = -10*v. Suppose -12 = 3*t, v = 5*r - t - 3*t + 4. What is the tens digit of (18/r)/(1/(-6))?
2
Suppose 18*c - 17*c - 4 = 0. Suppose c*y - 1 - 3 = 0. Let m(n) = 29*n**2 + 1. What is the tens 